
2335
What is -61562 (base 7) in base 5?
-440123
Convert -1241023 (base 5) to base 2.
-101111111000001
What is -14 (base 8) in base 12?
-10
3897 (base 13) to base 4
1332003
Convert -11324 (base 5) to base 6.
-3515
What is -12724 (base 11) in base 8?
-43400
What is 87aa (base 11) in base 5?
332430
1001001110111 (base 2) to base 10
4727
-11331203 (base 4) to base 2
-101111101100011
-423305 (base 6) to base 3
-1202021012
Convert -1543 (base 11) to base 8.
-3677
1011010 (base 2) to base 15
60
Convert 3832 (base 9) to base 10.
2864
25545 (base 6) to base 12
22b5
-31033 (base 10) to base 8
-74471
What is 434100 (base 5) in base 13?
6a22
What is -142511 (base 6) in base 5?
-413304
-13a (base 12) to base 9
-231
What is 15141 (base 9) in base 6?
115444
What is 1d6 (base 16) in base 2?
111010110
Convert 2030213 (base 4) to base 3.
110100022
-430 (base 7) to base 13
-139
Convert -11531 (base 9) to base 11.
-5891
-649 (base 14) to base 2
-10011011001
What is a464 (base 13) in base 3?
1011011210
What is 111010001 (base 2) in base 10?
465
-22512 (base 6) to base 3
-11101222
What is -202000 (base 3) in base 13?
-327
What is 1101101000011 (base 2) in base 14?
2787
-24215 (base 6) to base 7
-13214
Convert 14504 (base 6) to base 9.
3184
Convert -287 (base 10) to base 13.
-191
Convert -227 (base 15) to base 3.
-200001
20451 (base 6) to base 12
1727
-3003 (base 5) to base 2
-101111010
What is -10111011 (base 2) in base 6?
-511
What is -217 (base 11) in base 3?
-100122
What is -64432 (base 7) in base 3?
-210221111
What is 12126 (base 9) in base 6?
101340
Convert 1553 (base 7) to base 15.
2bb
What is 24057 (base 9) in base 16?
3eda
2033344 (base 5) to base 15
9e4e
260 (base 12) to base 15
190
Convert 4045 (base 7) to base 8.
2575
Convert 689 (base 11) to base 3.
1010111
6c (base 13) to base 4
1122
Convert -7378 (base 11) to base 14.
-37b7
Convert -37383 (base 9) to base 7.
-133122
120031 (base 5) to base 12
265b
Convert -2736 (base 12) to base 2.
-1000110011010
What is 25998 (base 10) in base 15?
7a83
What is -54312 (base 7) in base 8?
-32335
What is -1340 (base 14) in base 7?
-12610
What is 271 (base 14) in base 16?
1eb
1b5 (base 13) to base 9
382
Convert adc4 (base 14) to base 7.
153634
What is -133400 (base 5) in base 2?
-1010101100011
What is -b61b (base 13) in base 11?
-17a34
Convert 13320131 (base 4) to base 12.
16825
17474 (base 15) to base 3
10211020101
25263 (base 7) to base 2
1101000000100
What is 4104 (base 5) in base 3?
201121
-547 (base 11) to base 7
-1625
Convert 11ab0 (base 12) to base 3.
1012222020
What is -200243 (base 5) in base 9?
-8605
5355 (base 6) to base 9
1608
Convert 179 (base 16) to base 12.
275
What is -122120122 (base 3) in base 8?
-31017
1b880 (base 12) to base 2
1010000000100000
-4365 (base 8) to base 16
-8f5
What is -133 (base 15) in base 6?
-1133
-15416 (base 10) to base 14
-5892
Convert 17727 (base 8) to base 2.
1111111010111
-36aa (base 11) to base 16
-12e7
39a (base 13) to base 11
527
Convert -1524 (base 12) to base 6.
-15244
-111557 (base 8) to base 14
-da7d
Convert 575 (base 16) to base 4.
111311
What is -2214 (base 5) in base 4?
-10311
Convert -1011001110 (base 2) to base 14.
-394
-20445 (base 6) to base 16
-acd
-6b5 (base 12) to base 8
-1751
What is -68 (base 9) in base 3?
-2022
Convert 37cd (base 14) to base 10.
9785
Convert 568 (base 9) to base 7.
1235
-274 (base 10) to base 12
-1aa
Convert 245 (base 6) to base 12.
85
What is -7641 (base 14) in base 6?
-234345
What is -6567 (base 14) in base 11?
-121a1
What is -50711 (base 8) in base 10?
-20937
What is -4263 (base 7) in base 11?
-1158
What is b2c1 (base 14) in base 6?
354201
What is -2375 (base 8) in base 7?
-3503
-1a94 (base 11) to base 12
-1644
What is 3240 (base 5) in base 4?
12331
Convert 1901 (base 14) to base 5.
121014
2854 (base 12) to base 5
122142
Convert 9090 (base 13) to base 11.
13a42
Convert -6602 (base 9) to base 16.
-12fe
123232 (base 4) to base 14
90a
What is 8988 (base 14) in base 3?
1012200211
2230321 (base 5) to base 15
ba5b
What is 1bf (base 16) in base 15?
1ec
87e (base 15) to base 16
77f
What is -35422 (base 7) in base 15?
-2a8a
437 (base 10) to base 15
1e2
What is -45ae (base 16) in base 5?
-1032323
Convert 625 (base 13) to base 12.
731
Convert 79 (base 11) to base 13.
68
What is -665 (base 10) in base 7?
-1640
Convert 3619 (base 12) to base 10.
6069
-102120 (base 5) to base 7
-12641
What is -454330 (base 6) in base 11?
-26a88
What is -17989 (base 10) in base 5?
-1033424
Convert -5435 (base 6) to base 11.
-a34
-2777 (base 9) to base 3
-2212121
Convert -590 (base 14) to base 11.
-916
Convert -8b7 (base 14) to base 16.
-6c1
What is -1221202002 (base 3) in base 10?
-38450
10207 (base 8) to base 3
12210201
What is 14 (base 10) in base 3?
112
62099 (base 10) to base 15
135ee
Convert ca64 (base 13) to base 6.
334132
22220121 (base 3) to base 15
1dd1
9c (base 14) to base 5
1023
-3fd (base 16) to base 12
-711
-3716 (base 10) to base 13
-18cb
1356 (base 7) to base 5
4111
Convert -545 (base 10) to base 3.
-202012
Convert 20577 (base 9) to base 2.
11010100011101
112 (base 14) to base 5
1322
111101110100110 (base 2) to base 4
13232212
Convert -6161 (base 7) to base 5.
-32100
What is 5542 (base 15) in base 6?
215342
-1c8 (base 14) to base 7
-1041
What is -35223 (base 6) in base 15?
-1770
What is -100010001011101 (base 2) in base 9?
-26005
Convert -1873d (base 14) to base 13.
-22186
Convert 510 (base 12) to base 7.
2064
Convert -211231 (base 4) to base 7.
-10015
-40121 (base 9) to base 5
-1320334
-23003 (base 6) to base 7
-12312
Convert 12019 (base 10) to base 8.
27363
What is -10b8 (base 12) in base 13?
-b09
-513c (base 16) to base 14
-7816
What is -a5b (base 14) in base 10?
-2041
Convert -1020002 (base 3) to base 5.
-12033
4320 (base 7) to base 2
10111111101
-23b (base 15) to base 2
-111111010
Convert 107 (base 15) to base 14.
128
What is 402 (base 14) in base 3?
1002010
4511 (base 6) to base 16
41b
99b (base 15) to base 2
100001111011
What is -7889 (base 10) in base 15?
-250e
What is -105 (base 12) in base 3?
-12112
What is -707 (base 16) in base 5?
-24144
What is 552321 (base 6) in base 5?
2432123
Convert 1512 (base 16) to base 14.
1d74
-555 (base 6) to base 9
-258
What is -8214 (base 12) in base 13?
-657a
Convert -11111110 (base 3) to base 10.
-3279
Convert -1137 (base 11) to base 3.
-2001021
Convert 31 (base 6) to base 4.
103
Convert 18a0 (base 16) to base 9.
8574
aa3 (base 13) to base 8
3437
Convert -395 (base 10) to base 13.
-245
Convert -5a (base 13) to base 11.
-69
What is 9d1 (base 15) in base 3?
10001021
What is 1000000111011 (base 2) in base 14?
172b
What is 522224 (base 6) in base 13?
16162
-41d7 (base 15) to base 2
-11011001100111
Convert 452 (base 8) to base 5.
2143
Convert -6146 (base 9) to base 4.
-1012101
Convert -44304 (base 5) to base 15.
-da4
-3063 (base 7) to base 14
-56a
-52e (base 16) to base 7
-3603
1369 (base 10) to base 13
814
What is -5342 (base 9) in base 12?
-2332
What is 477 (base 12) in base 11?
557
Convert 888 (base 10) to base 12.
620
What is 30a4 (base 11) in base 10?
4107
Convert 121000 (base 3) to base 16.
1b0
Convert -203 (base 10) to base 9.
-245
What is -265 (base 12) in base 5?
-2430
11000111000 (base 2) to base 11
1218
What is -5295 (base 10) in base 4?
-1102233
-1006 (base 12) to base 16
-6c6
What is -294 (base 15) in base 13?
-364
1385 (base 15) to base 4
1001033
What is 1244 (base 10) in base 6?
5432
What is -25ba (base 13) in base 10?
-5392
36362 (base 7) to base 3
110222002
1632 (base 11) to base 4
200230
What is 1bd (base 14) in base 9?
443
What is -8167 (base 11) in base 5?
-321332
21 (base 12) to base 14
1b
Convert 10202222 (base 3) to base 16.
ac1
113232 (base 4) to base 11
1160
5159 (base 10) to base 3
21002002
Convert -1363 (base 15) to base 7.
-15036
What is -35303 (base 7) in base 9?
-13385
Convert 10111201211 (base 3) to base 2.
10000110111000101
-7052 (base 8) to base 15
-111b
What is -36620 (base 9) in base 3?
-1020200200
74d (base 16) to base 10
1869
What is 100000010011 (base 2) in base 12?
1243
Convert -3134 (base 14) to base 13.
-3b1b
What is 17b (base 12) in base 4?
3233
-2020211 (base 3) to base 14
-854
-2066 (base 7) to base 2
-1011011110
Convert -4d0 (base 16) to base 9.
-1618
What is -13321 (ba